85257?
3, 7, 13, 17, 29, 59
What are the prime factors of 1664816639?
313, 5318903
What are the prime factors of 45476979?
3, 15158993
List the prime factors of 1084806929.
83, 13069963
What are the prime factors of 4373583164?
2, 1093395791
What are the prime factors of 1512269691?
3, 12829, 39293
List the prime factors of 127513112.
2, 409, 38971
What are the prime factors of 64882063?
67, 968389
List the prime factors of 680531743.
17, 40031279
List the prime factors of 615186957.
3, 7, 11, 23, 89, 1301
List the prime factors of 79812848.
2, 31, 37, 4349
What are the prime factors of 831728783?
23, 36162121
List the prime factors of 112906707.
3, 17, 59, 157, 239
List the prime factors of 549222031.
401, 461, 2971
List the prime factors of 74198228.
2, 13, 1426889
List the prime factors of 2005741186.
2, 113, 2137, 4153
List the prime factors of 886905120.
2, 3, 5, 137, 13487
What are the prime factors of 27871752?
2, 3, 47, 24709
List the prime factors of 497639295.
3, 5, 823, 1493
What are the prime factors of 4403721020?
2, 5, 220186051
List the prime factors of 30525748.
2, 11, 29, 47, 509
List the prime factors of 66788596.
2, 7, 23, 137, 757
List the prime factors of 120225497.
7, 17175071
List the prime factors of 1546643151.
3, 171849239
What are the prime factors of 481949952?
2, 3, 11, 89, 641
What are the prime factors of 240690582?
2, 3, 11, 41, 9883
List the prime factors of 1088081581.
7039, 154579
List the prime factors of 157651141.
157651141
List the prime factors of 822748465.
5, 7, 11, 37, 223
List the prime factors of 31139205.
3, 5, 2075947
What are the prime factors of 1505927656?
2, 188240957
List the prime factors of 29011691.
31, 935861
What are the prime factors of 1323280498?
2, 19, 29, 1200799
List the prime factors of 2030204.
2, 11, 46141
List the prime factors of 10902219.
3, 17, 19, 11251
List the prime factors of 2562840012.
2, 3, 14447, 14783
List the prime factors of 173231390.
2, 5, 17323139
List the prime factors of 6211040802.
2, 3, 59, 17545313
What are the prime factors of 1492776802?
2, 11, 1327, 51133
List the prime factors of 196822238.
2, 98411119
List the prime factors of 3257219798.
2, 7, 232658557
List the prime factors of 202321018.
2, 23, 61, 72103
List the prime factors of 6034014164.
2, 463, 3258107
What are the prime factors of 2298042388?
2, 17, 2843, 11887
List the prime factors of 393687807.
3, 37, 3546737
List the prime factors of 151515040.
2, 5, 946969
List the prime factors of 62443833.
3, 163, 277, 461
What are the prime factors of 45609452?
2, 7, 1628909
List the prime factors of 27772470.
2, 3, 5, 11, 1039
List the prime factors of 121844450.
2, 5, 7, 13, 61, 439
What are the prime factors of 238744539?
3, 11, 829, 2909
What are the prime factors of 156153689?
887, 176047
List the prime factors of 496342461.
3, 23, 601, 11969
List the prime factors of 18769727.
18769727
What are the prime factors of 94720158?
2, 3, 13, 17, 7937
What are the prime factors of 583808331?
3, 2741, 70997
List the prime factors of 186930474.
2, 3, 19, 61, 26881
List the prime factors of 2273960790.
2, 3, 5, 107, 26237
What are the prime factors of 61101472?
2, 1909421
List the prime factors of 67413601.
61, 1105141
What are the prime factors of 84730021?
199, 425779
What are the prime factors of 1449424049?
1449424049
List the prime factors of 3152845026.
2, 3, 29, 53, 37987
What are the prime factors of 4920325071?
3, 23, 5659, 12601
What are the prime factors of 2003902774?
2, 127, 547, 14423
What are the prime factors of 707128157?
59, 97, 157, 787
List the prime factors of 1103564761.
13, 6529969
What are the prime factors of 186671019?
3, 62223673
What are the prime factors of 664164889?
53, 61, 205433
What are the prime factors of 3333686438?
2, 67, 24878257
List the prime factors of 1715237165.
5, 343047433
List the prime factors of 46844381.
193, 251, 967
What are the prime factors of 31141181?
41, 797, 953
What are the prime factors of 24131145?
3, 5, 1608743
What are the prime factors of 113995120?
2, 5, 1424939
What are the prime factors of 588810779?
19, 79, 392279
What are the prime factors of 61563210?
2, 3, 5, 31, 53, 1249
What are the prime factors of 228807451?
228807451
List the prime factors of 2009272061.
2009272061
What are the prime factors of 22809786?
2, 3, 3801631
What are the prime factors of 7964463?
3, 13, 23, 683
What are the prime factors of 2402277152?
2, 11, 53, 128767
What are the prime factors of 1358573587?
7, 19, 47, 217337
What are the prime factors of 1067625653?
17, 6257, 10037
What are the prime factors of 5286830?
2, 5, 17, 137, 227
List the prime factors of 4464941168.
2, 3271, 85313
What are the prime factors of 1701724204?
2, 425431051
List the prime factors of 122102774.
2, 61051387
List the prime factors of 385405530.
2, 3, 5, 191, 67261
What are the prime factors of 5733019847?
5733019847
What are the prime factors of 23038565?
5, 11, 418883
What are the prime factors of 466365055?
5, 13, 1123, 6389
What are the prime factors of 1515862222?
2, 7, 17, 53, 7069
List the prime factors of 4034344505.
5, 101, 7988801
List the prime factors of 388459697.
233, 1667209
What are the prime factors of 62644089?
3, 29, 271, 2657
List the prime factors of 52255230.
2, 3, 5, 1741841
List the prime factors of 25315603.
151, 359, 467
List the prime factors of 12785881.
983, 13007
What are the prime factors of 649716565?
5, 769, 168977
What are the prime factors of 141521122?
2, 811, 87251
What are the prime factors of 2886328642?
2, 1443164321
What are the prime factors of 1244705?
5, 7, 11, 53, 61
What are the prime factors of 874846260?
2, 3, 5, 19, 255803
List the prime factors of 530838804.
2, 3, 17, 23, 4919
List the prime factors of 499349931.
3, 4583, 36319
List the prime factors of 83404355.
5, 16680871
What are the prime factors of 2453421?
3, 97, 8431
List the prime factors of 31041184.
2, 17, 43, 1327
What are the prime factors of 462416144?
2, 127, 227567
What are the prime factors of 178580365?
5, 307, 317, 367
What are the prime factors of 600574629?
3, 19, 59, 107, 1669
List the prime factors of 4887944.
2, 610993
List the prime factors of 36666818.
2, 2069, 8861
List the prime factors of 2213322630.
2, 3, 5, 29, 2544049
List the prime factors of 56295202.
2, 3709, 7589
List the prime factors of 1305460042.
2, 167, 3908563
What are the prime factors of 26535718?
2, 11, 1206169
What are the prime factors of 689220794?
2, 7649, 45053
List the prime factors of 7310324.
2, 7, 131, 1993
What are the prime factors of 4751160439?
23, 1723, 119891
List the prime factors of 2136347230.
2, 5, 41, 79, 65957
What are the prime factors of 124358421?
3, 11, 113, 33349
List the prime factors of 103393749.
3, 47, 733289
What are the prime factors of 42658667?
19, 421, 5333
List the prime factors of 1410923225.
5, 29, 83, 23447
What are the prime factors of 1836476172?
2, 3, 17004409
List the prime factors of 555467717.
7, 19, 37, 112877
What are the prime factors of 34480001?
107, 322243
What are the prime factors of 1310503?
37, 35419
List the prime factors of 447901944.
2, 3, 7, 380869
List the prime factors of 17167221.
3, 23549
What are the prime factors of 903126610?
2, 5, 89, 1014749
What are the prime factors of 318431358?
2, 3, 7, 107, 7873
What are the prime factors of 171599910?
2, 3, 5, 271, 21107
What are the prime factors of 283514774?
2, 313, 353, 1283
List the prime factors of 1423503137.
7, 61, 1481, 2251
What are the prime factors of 4081054728?
2, 3, 1609, 105683
What are the prime factors of 62018738?
2, 31009369
What are the prime factors of 754178872?
2, 29, 79, 41149
List the prime factors of 926891463.
3, 308963821
List the prime factors of 1076423465.
5, 13, 16560361
List the prime factors of 407759616.
2, 3, 11, 31, 173
List the prime factors of 1226242401.
3, 23, 17771629
What are the prime factors of 1817247419?
13, 17, 19, 432781
What are the prime factors of 3403328764?
2, 11, 7031671
List the prime factors of 233213895.
3, 5, 5182531
List the prime factors of 319998690.
2, 3, 5, 11, 43, 7517
List the prime factors of 6923633275.
5, 13, 29, 157, 4679
List the prime factors of 618959726.
2, 7, 11, 4019219
What are the prime factors of 58698